is the remainder when 662 is divided by 215?
17
Calculate the remainder when 403 is divided by 7.
4
Calculate the remainder when 7916 is divided by 91.
90
What is the remainder when 206 is divided by 35?
31
Calculate the remainder when 68 is divided by 25.
18
What is the remainder when 4791 is divided by 94?
91
Calculate the remainder when 122 is divided by 35.
17
What is the remainder when 4559 is divided by 117?
113
Calculate the remainder when 206 is divided by 52.
50
Calculate the remainder when 107 is divided by 54.
53
Calculate the remainder when 1732 is divided by 569.
25
Calculate the remainder when 109 is divided by 25.
9
Calculate the remainder when 76 is divided by 40.
36
Calculate the remainder when 2386 is divided by 789.
19
Calculate the remainder when 264 is divided by 90.
84
What is the remainder when 231 is divided by 4?
3
Calculate the remainder when 243 is divided by 122.
121
Calculate the remainder when 8566 is divided by 19.
16
Calculate the remainder when 2983 is divided by 9.
4
Calculate the remainder when 13944 is divided by 38.
36
What is the remainder when 120 is divided by 42?
36
What is the remainder when 54 is divided by 29?
25
What is the remainder when 687 is divided by 164?
31
What is the remainder when 556 is divided by 13?
10
Calculate the remainder when 195 is divided by 33.
30
Calculate the remainder when 436 is divided by 210.
16
What is the remainder when 66 is divided by 12?
6
What is the remainder when 95 is divided by 20?
15
Calculate the remainder when 13 is divided by 7.
6
Calculate the remainder when 249 is divided by 84.
81
What is the remainder when 9230 is divided by 16?
14
What is the remainder when 205 is divided by 35?
30
Calculate the remainder when 399 is divided by 16.
15
Calculate the remainder when 1288 is divided by 11.
1
What is the remainder when 1931 is divided by 275?
6
What is the remainder when 1253 is divided by 24?
5
What is the remainder when 635 is divided by 13?
11
Calculate the remainder when 436 is divided by 142.
10
What is the remainder when 70 is divided by 65?
5
Calculate the remainder when 691 is divided by 291.
109
Calculate the remainder when 122 is divided by 20.
2
Calculate the remainder when 559 is divided by 127.
51
What is the remainder when 339 is divided by 44?
31
What is the remainder when 352 is divided by 22?
0
What is the remainder when 132 is divided by 40?
12
What is the remainder when 160 is divided by 56?
48
What is the remainder when 1538 is divided by 383?
6
What is the remainder when 280 is divided by 62?
32
What is the remainder when 62 is divided by 33?
29
What is the remainder when 6204 is divided by 85?
84
Calculate the remainder when 7175 is divided by 13.
12
Calculate the remainder when 71 is divided by 35.
1
What is the remainder when 178 is divided by 44?
2
Calculate the remainder when 61 is divided by 8.
5
What is the remainder when 1667 is divided by 84?
71
Calculate the remainder when 431 is divided by 166.
99
What is the remainder when 795 is divided by 147?
60
What is the remainder when 427 is divided by 39?
37
Calculate the remainder when 2597 is divided by 16.
5
Calculate the remainder when 76 is divided by 1.
0
Calculate the remainder when 651 is divided by 460.
191
What is the remainder when 2576 is divided by 515?
1
Calculate the remainder when 394 is divided by 17.
3
Calculate the remainder when 430 is divided by 54.
52
What is the remainder when 1878 is divided by 375?
3
What is the remainder when 140 is divided by 6?
2
Calculate the remainder when 318 is divided by 74.
22
Calculate the remainder when 445 is divided by 64.
61
Calculate the remainder when 56 is divided by 25.
6
What is the remainder when 15969 is divided by 363?
360
Calculate the remainder when 1154 is divided by 21.
20
Calculate the remainder when 351 is divided by 178.
173
What is the remainder when 38 is divided by 12?
2
What is the remainder when 879 is divided by 88?
87
What is the remainder when 785 is divided by 5?
0
What is the remainder when 48 is divided by 26?
22
What is the remainder when 370 is divided by 71?
15
What is the remainder when 170 is divided by 68?
34
What is the remainder when 4926 is divided by 64?
62
Calculate the remainder when 2593 is divided by 130.
123
Calculate the remainder when 669 is divided by 134.
133
Calculate the remainder when 264 is divided by 34.
26
Calculate the remainder when 128 is divided by 33.
29
Calculate the remainder when 1450 is divided by 44.
42
Calculate the remainder when 259 is divided by 53.
47
Calculate the remainder when 2309 is divided by 34.
31
Calculate the remainder when 237 is divided by 17.
16
Calculate the remainder when 5187 is divided by 30.
27
What is the remainder when 898 is divided by 22?
18
Calculate the remainder when 60 is divided by 21.
18
What is the remainder when 113 is divided by 63?
50
Calculate the remainder when 57 is divided by 32.
25
Calculate the remainder when 2923 is divided by 22.
19
What is the remainder when 813 is divided by 136?
133
Calculate the remainder when 219 is divided by 113.
106
Calculate the remainder when 179 is divided by 46.
41
Calculate the remainder when 669 is divided by 210.
39
Calculate the remainder when 372 is divided by 127.
118
What is the remainder when 554 is divided by 13?
8
What is the remainder when 165 is divided by 77?
11
Calculate the remainder when 228 is divided by 33.
30
What is the remainder when 51 is divided by 8?
3
Calculate the remainder when 253 is divided by 45.
28
Calculate the remainder when 287 is divided by 97.
93
Calculate the remainder when 4559 is divided by 2279.
1
What is the remainder when 194 is divided by 14?
12
What is the remainder when 278 is divided by 41?
32
Calculate the remainder when 180 is divided by 48.
36
What is the remainder when 114 is divided by 9?
6
Calculate the remainder when 591 is divided by 11.
8
Calculate the remainder when 507 is divided by 4.
3
What is the remainder when 127 is divided by 12?
7
What is the remainder when 73 is divided by 72?
1
What is the remainder when 3770 is divided by 88?
74
What is the remainder when 164 is divided by 80?
4
What is the remainder when 834 is divided by 107?
85
Calculate the remainder when 860 is divided by 125.
110
Calculate the remainder when 385 is divided by 30.
25
Calculate the remainder when 5220 is divided by 275.
270
Calculate the remainder when 124 is divided by 35.
19
Calculate the remainder when 501 is divided by 21.
18
Calculate the remainder when 565 is divided by 64.
53
What is the remainder when 757 is divided by 249?
10
Calculate the remainder when 507 is divided by 38.
13
Calculate the remainder when 132 is divided by 62.
8
What is the remainder when 182 is divided by 83?
16
Calculate the remainder when 87 is divided by 34.
19
Calculate the remainder when 134 is divided by 130.
4
Calculate the remainder when 624 is divided by 348.
276
What is the remainder when 63 is divided by 55?
8
Calculate the remainder when 295 is divided by 103.
89
Calculate the remainder when 1275 is divided by 32.
27
What is the remainder when 1294 is divided by 108?
106
What is the remainder when 128 is divided by 35?
23
Calculate the remainder when 83 is divided by 7.
6
Calculate the remainder when 1335 is divided by 83.
7
Calculate the remainder when 166 is divided by 66.
34
Calculate the remainder when 1208 is divided by 603.
2
Calculate the remainder when 241 is divided by 22.
21
Calculate the remainder when 275 is divided by 56.
51
Calculate the remainder when 48 is divided by 25.
23
What is the remainder when 4316 is divided by 255?
236
Calculate the remainder when 1454 is divided by 97.
96
Calculate the remainder when 408 is divided by 38.
28
Calculate the remainder when 6220 is divided by 1243.
5
Calculate the remainder when 1238 is divided by 73.
70
What is the remainder when 7422 is divided by 33?
30
Calculate the remainder when 127 is divided by 16.
15
What is the remainder when 284 is divided by 41?
38
What is the remainder when 391 is divided by 152?
87
Calculate the remainder when 328 is divided by 5.
3
Calculate the remainder when 110 is divided by 8.
6
Calculate the remainder when 581 is divided by 9.
5
Calculate the remainder when 1373 is divided by